 -175978 - 1985169. What is the ten thousands digit of w?
1
Suppose -2*h + 1227 = -5*i, 2048 + 379 = 4*h - i. Suppose h = 4*u - 3*o, 3*o + o - 8 = 0. What is the hundreds digit of u?
1
Let l = -1026 + 2288. Suppose -3*g + l + 266 = -f, 5*f - 1030 = -2*g. What is the units digit of g?
0
Let w = -74 - -76. Suppose -w*m - 5*x = -0*m + 12, -m + 5*x + 24 = 0. What is the hundreds digit of (1 - m/(-2)) + 207 + -12?
1
Let n = -27 + 24. Let y be (n/6)/((-6)/660). Suppose y = d - 0*d. What is the units digit of d?
5
Suppose -15*g + 20387 = -12688. What is the hundreds digit of g?
2
Suppose 0 = -5*n + 14*n + 24255. What is the hundreds digit of (-6)/(-4) + -3 + n/(-10)?
2
Let a be -8 + -1262 + (-3 - -5). What is the units digit of ((-36)/72)/(1/a)?
4
Suppose -2*b - 21 = p, 4*p + 4*b + 95 = 31. What is the tens digit of (p + (-252)/24)/(2/(-4))?
4
Suppose 3*w - 2 = 4*n, w + 3*n - 6 = 2*w. Let i(x) = 17*x**2 - 7*x + 13. What is the units digit of i(w)?
3
Let g(r) = r**3 + 5*r**2 - 7*r + 1. Let w be g(-6). Suppose -w*b + 323 = -6*b - f, 0 = 4*f + 16. What is the hundreds digit of b?
3
Suppose 5*l + 9*l - 14672 = 0. What is the hundreds digit of l?
0
Let n(f) = -f**3 - 4*f**2 - 6*f - 11. Let l be -1*3/((-6)/(-8)). What is the units digit of n(l)?
3
Suppose -4*m + 25 = -9*m. Let b be ((-18)/(-12))/(1 - m/(-4)). What is the tens digit of (765/(-4))/(-5) - b/8?
3
What is the hundreds digit of (355088/(-368) - 18/207)*(-24 - -1)?
1
Let u(r) be the first derivative of -205*r**2/2 + r + 31. What is the units digit of u(-2)?
1
Suppose 4*v + 3*x - 651 = 0, -2*x = -4*v - 7*x + 661. Suppose 109 = 2*k - v. What is the hundreds digit of k?
1
What is the hundreds digit of (-4*(-40)/(-128))/(9/(-49788))?
9
Let d(x) = -11754*x**3 + 12*x**2 + 8*x - 1. What is the tens digit of d(-1)?
5
Suppose 34 = -16*n + 34. What is the hundreds digit of n - (7 + -465)/(2/4)?
9
Let r(t) = t**3 - 16*t**2 - 17*t + 12. Let c be r(17). Let g(p) = -37*p + 2 - 5 + c*p**2 + 33*p. What is the units digit of g(3)?
3
Suppose -274*l + 307*l = 140613. What is the units digit of l?
1
Suppose 5*d + 48710 = 3*b, -2035*b = -2031*b - 2*d - 64970. What is the units digit of b?
5
Suppose -165*i + 211549 + 1523596 = -1670455. What is the units digit of i?
0
Let q be -1 - (-63)/49 - (-4518)/14. Suppose 0 = 4*v - 1231 + q. Let n = v - 45. What is the tens digit of n?
8
Suppose 0 = -5*j + 5*q - 30, q - 3 + 7 = -4*j. What is the tens digit of 8/(j + 0)*-56?
2
Suppose 0 = -8*y + 12*y - 44. Suppose y + 19 = 6*q. Suppose r - 3*k = -0*r + 180, -556 = -3*r + q*k. What is the tens digit of r?
9
Let h(l) = -4*l**2 - 128*l - 208. What is the hundreds digit of h(-12)?
7
Let c(y) = -y + 4. Let j = 54 - 52. Let g be c(j). Suppose 0*m = -g*w - 2*m + 178, m = 3*w - 263. What is the tens digit of w?
8
Let r = -13188 + 20821. What is the hundreds digit of r?
6
Let d = -49373 + 96972. What is the units digit of d?
9
Suppose 0 = -3*a + 3*d + 26685, -27*d = -5*a - 24*d + 44481. What is the thousands digit of a?
8
Suppose 0*s + 316056 = 18*s - 5*s. What is the tens digit of s?
1
Let t(k) = -67*k + 16 + 18*k - k**2 + 26. What is the units digit of t(-25)?
2
Let a(y) = y**3 + 16*y**2 - 16*y - 6. Let r be a(-17). Let s = r + 25. Suppose -s*j - 3*q + 34 = -7, -3*q = 15. What is the units digit of j?
8
Let l = 21 + -16. Suppose y = -4*n + 291, 0 = 2*y + 3*y - l*n - 1405. What is the tens digit of y?
8
Let h = 17865 - 17627. Let w(o) = 4*o - 1. Let c be w(1). Suppose c*t = h + 167. What is the units digit of t?
5
Let a(s) = -s**3 - 18*s**2 - 2*s - 33. Let v be a(-18). Suppose 4*d = v*d + 1. Let j(q) = 86*q**2 - q + 1. What is the units digit of j(d)?
6
Let n(b) = b**2 + 11*b - 25. Let h = -49 + 36. Let z be n(h). Let c(y) = 79*y**3 + y**2. What is the units digit of c(z)?
0
Let x = -70 - -78. Let p(a) = a**3 - 9*a**2 + 12*a - 6. Let u be p(x). Suppose j - u = 150. What is the units digit of j?
6
Suppose 0*v = -3*v + 231. Let q = 298 - v. Suppose 0 = -q*u + 224*u - 42. What is the tens digit of u?
1
Suppose 64*y - 421050 = -24131 + 24457. What is the hundreds digit of y?
5
Suppose -u - 2 = -4*g + u, -14 = -4*g - 2*u. Suppose -k + 11 = g*n, -9*k - 5*n + 59 = -5*k. What is the tens digit of k?
2
Suppose -16*h + 11522 = -10526. What is the hundreds digit of h?
3
Let t be ((-6)/18)/(1/(-3)). Let j(p) = -12*p + 3*p**2 + 24*p + 3 - t. What is the units digit of j(-5)?
7
Suppose -3*o - 21*p = -16*p - 35914, p - 59820 = -5*o. What is the units digit of o?
3
Suppose -5*i - k = -i - 3, 0 = -4*i - 4*k. What is the tens digit of (-5 + 0)*i*(-10366)/365?
4
Let b = 168476 - 82044. What is the units digit of b?
2
Let g(q) = q**3 - 14*q**2 + 121*q - 9. What is the thousands digit of g(23)?
7
Let f(k) = -27*k + 9. Let z = -49 + 39. Let q be f(z). Suppose -4*p = -2*j + 3*j - q, 3*p - j - 204 = 0. What is the tens digit of p?
6
Let f = 134 + 151. Let l = 46 + f. What is the tens digit of l?
3
Suppose -2*f + 4*t + 13002 = 6*t, 5*f + 3*t = 32501. What is the thousands digit of f?
6
Let w(g) = 1101*g - 155. What is the tens digit of w(6)?
5
Let p = 5 + 22. What is the tens digit of 4 + p*13/3?
2
What is the ten thousands digit of 24718720/640 - 10*(-1 + 0)?
3
Let k be 1/((-7)/(-42) - 10/42). Let w = k - -12. What is the tens digit of (w - -3 - 0)*(112 - -1)?
1
Let y = 497 + -495. Suppose -y*a + 812 = -398. What is the tens digit of a?
0
Let w = 1693 + -484. What is the thousands digit of w?
1
Suppose 9 + 12 = 7*p. Suppose 197 = p*s - 106. What is the hundreds digit of s?
1
Suppose 4*m + 0 = 28. Suppose -2*a = -0*a, -3*d = -2*a + 162. Let r = m - d. What is the units digit of r?
1
Let f be (17/34)/(1/(-6))*-30. Suppose -f*u = -85*u - 3180. What is the hundreds digit of u?
6
Suppose 0 = s + s - 4, 2*x - 5*s = 50. Let w = -26 + x. Suppose -2*d - 158 = -w*d - 4*t, 5*d + 5*t - 380 = 0. What is the tens digit of d?
7
Let y(k) = 3*k - 4. Let b(z) = -z + 2. Let d(v) = -7*b(v) - 4*y(v). Let i be d(0). What is the units digit of (1 + -2)*(-2 - i)?
4
Let v be (-119)/(-85) - 18583/(-5). Suppose m = -12*m + v. What is the tens digit of m?
8
Suppose -76*r + 15519 + 125241 = 30788. What is the thousands digit of r?
1
Suppose -17*q = 3351 - 19178. What is the hundreds digit of q?
9
Let v = -95 - -5253. Suppose 1150 = -12*z + v. What is the units digit of z?
4
Let t(a) = -122*a - 9. Let k(m) = -242*m - 17. Let p(r) = -2*k(r) + 5*t(r). Let c(n) = -n**3 + 3*n**2 + 3*n + 2. Let w be c(4). What is the units digit of p(w)?
1
Let b = -53 + 58. Suppose -j - 4*y + y = -468, 1907 = 4*j + b*y. Suppose -8*s + j = -149. What is the tens digit of s?
7
Let b = -7326 + 10712. What is the units digit of b?
6
Suppose 82*c + 222 = r + 85*c, 0 = -r - 4*c + 221. What is the hundreds digit of r?
2
Let f = 65 - 66. What is the hundreds digit of -3 - 1 - f*143?
1
Let i(o) = 102 + 12*o - 185 + 127 + 38. What is the hundreds digit of i(14)?
2
Let g be (-79072)/(-24) - (-3)/9. Suppose 0 = -23*c + g + 385. What is the units digit of c?
0
Suppose 5993 = -513*f + 514*f. What is the hundreds digit of f?
9
What is the units digit of 33135 + (18 + 1 - 20)?
4
Let w be 15 + 0 + (2 - (-4 - -8)). Suppose -42 = -w*d - 3. What is the tens digit of (-26)/(d*2/(-12))?
5
Let t(j) = -46461*j**3 - 5*j - 5. What is the ten thousands digit of t(-1)?
4
Let w(f) = f**2 + 14*f + 52. Let o be w(-5). Suppose o*k = 43*k - 17964. What is the units digit of k?
9
Let i be (-4)/(-2)*84/8. Let s = i + -15. What is the units digit of s*(-170)/15*-1?
8
Let i = 1598 + -1019. Suppose 2*p - i = 5*y + 360, p - 470 = 2*y. What is the tens digit of p?
7
Suppose 3 = 12*y - 9*y, 3*m - 4*y = 2741. What is the tens digit of m?
1
Let i(v) = 3*v + 1703. What is the thousands digit of i(13)?
1
Let t be (-20)/(-30) + (4/12 - -2). Suppose 5*b + 5*v = 1205, 8*b = t*b + 2*v + 1233. What is the hundreds digit of b?
2
Suppose 182*t = 174*t + 116248. What is the thousands digit of t?
4
Suppose 0 = -16*q - 35919 + 110265 + 81030. What is the hundreds digit of q?
7
Let y(b) = -318*b - 1459. What is the thousands digit of y(-25)?
6
What is the hundreds digit of 120/(-720) - -2*580094/24?
3
Let k(u) = 37*u**3 - 2*u**2 - u + u**2 - 1 + 39*u**3 + 4*u**2. What is the units digit of k(1)?
7
Suppose -16*n + 68*n + 20*n - 2299608 = 0. What is the tens digi